7 composite?
False
Is 121911 a prime number?
False
Is 6401 a composite number?
True
Is 60983 a prime number?
False
Is 4817 prime?
True
Is 719893 a prime number?
True
Is 2521 prime?
True
Is 82363 composite?
True
Is 4049 composite?
False
Is 65801 a composite number?
True
Is 22501 prime?
True
Is 28349 a prime number?
True
Is 134557 composite?
True
Is 25511 a prime number?
False
Is 1032907 prime?
False
Is 14047 composite?
True
Is 35537 a prime number?
True
Is 29989 a composite number?
False
Is 1069 prime?
True
Is 67721 a prime number?
False
Is 18129 a prime number?
False
Is 1229 prime?
True
Is 66919 a composite number?
False
Is 68683 prime?
True
Is 9233 composite?
True
Is 86197 a prime number?
True
Is 3566 a composite number?
True
Is 64937 prime?
True
Is 546781 prime?
True
Is 154437 a prime number?
False
Is 1141 a prime number?
False
Is 1047239 prime?
True
Is 16921 prime?
True
Is 126979 a prime number?
False
Is 33559 prime?
False
Is 4327 a prime number?
True
Is 5027 prime?
False
Is 44093 prime?
False
Is 22963 a prime number?
True
Is 600167 a composite number?
False
Is 22339 prime?
False
Is 6791 prime?
True
Is 16603 a composite number?
False
Is 641 composite?
False
Is 82097 prime?
False
Is 105943 a composite number?
False
Is 112165 composite?
True
Is 399043 prime?
True
Is 435011 prime?
False
Is 96113 prime?
False
Is 7793 prime?
True
Is 923709 prime?
False
Is 459403 prime?
False
Is 11197 prime?
True
Is 134837 a prime number?
True
Is 17567 prime?
False
Is 9557 composite?
True
Is 10301 a composite number?
False
Is 93229 a prime number?
True
Is 102761 a prime number?
True
Is 91079 a prime number?
True
Is 16127 composite?
False
Is 191171 a composite number?
True
Is 1649 a composite number?
True
Is 444511 a composite number?
True
Is 129667 a prime number?
False
Is 317 a composite number?
False
Is 1523 prime?
True
Is 1217 a composite number?
False
Is 16729 prime?
True
Is 16841 a composite number?
True
Is 172709 composite?
False
Is 2860553 a composite number?
False
Is 74843 prime?
True
Is 89785 a prime number?
False
Is 3845 composite?
True
Is 23723 prime?
False
Is 16619 prime?
True
Is 848059 prime?
False
Is 926957 a composite number?
False
Is 230851 a prime number?
False
Is 742069 a prime number?
True
Is 1907 composite?
False
Is 1003 prime?
False
Is 1566443 composite?
True
Is 127097 prime?
False
Is 104303 composite?
True
Is 27239 a composite number?
False
Is 139681 composite?
False
Is 57329 a prime number?
True
Is 18947 prime?
True
Is 14995 a prime number?
False
Is 19571 a prime number?
True
Is 44969 a composite number?
True
Is 35089 a prime number?
True
Is 289343 composite?
False
Is 531361 a composite number?
True
Is 51479 prime?
True
Is 120371 a composite number?
False
Is 17231 prime?
True
Is 4885 prime?
False
Is 79207 a composite number?
True
Is 358 prime?
False
Is 36251 a composite number?
False
Is 4195 composite?
True
Is 11948687 composite?
False
Is 1277 a prime number?
True
Is 146045 composite?
True
Is 645571 a composite number?
False
Is 401701 prime?
False
Is 13171 prime?
True
Is 896691 composite?
True
Is 511087 prime?
True
Is 600257 a composite number?
True
Is 14597 prime?
False
Is 133291 a composite number?
True
Is 3898 a prime number?
False
Is 730213 prime?
False
Is 77831 a composite number?
True
Is 26581 prime?
False
Is 27527 prime?
True
Is 103661 composite?
True
Is 14897 a composite number?
False
Is 40307 a prime number?
False
Is 5897 composite?
False
Is 121747 a prime number?
False
Is 40093 a composite number?
False
Is 1039 prime?
True
Is 56237 composite?
False
Is 2634923 composite?
False
Is 26581 a composite number?
True
Is 378259 a composite number?
True
Is 658703 a prime number?
True
Is 6997 prime?
True
Is 1146541 prime?
False
Is 30467 a prime number?
True
Is 279599 a composite number?
True
Is 9101 a prime number?
False
Is 234051 prime?
False
Is 117707 composite?
True
Is 263 composite?
False
Is 4737 prime?
False
Is 1078537 prime?
True
Is 5639 composite?
False
Is 2646535 prime?
False
Is 5469 prime?
False
Is 2503 a prime number?
True
Is 21531 a prime number?
False
Is 263561 a prime number?
True
Is 202921 prime?
True
Is 373327 composite?
False
Is 3967 a prime number?
True
Is 13323 a prime number?
False
Is 32343 composite?
True
Is 19001 composite?
False
Is 224491 a composite number?
False
Is 329941 a prime number?
True
Is 92923 composite?
True
Is 565213 composite?
True
Is 4647 composite?
True
Is 1915 composite?
True
Is 1144753 a composite number?
True
Is 22961 prime?
True
Is 6187 a composite number?
True
Is 65 a prime number?
False
Is 1401 composite?
True
Is 3104813 composite?
False
Is 1907 prime?
True
Is 184003 prime?
True
Is 16442 prime?
False
Is 2221 a prime number?
True
Is 15947 a composite number?
True
Is 1372253 prime?
True
Is 227015 prime?
False
Is 786659 a composite number?
False
Is 30341 composite?
False
Is 81439 a composite number?
False
Is 40835 a prime number?
False
Is 34703 a prime number?
True
Is 907097 composite?
True
Is 23285 prime?
False
Is 13307 composite?
True
Is 64537 composite?
True
Is 34031 prime?
True
Is 121127 prime?
False
Is 199159 prime?
False
Is 36833 a prime number?
True
Is 351905 a composite number?
True
Is 22767 prime?
False
Is 768187 composite?
True
Is 184349 a composite number?
True
Is 17783 prime?
True
Is 17821 composite?
True
Is 100207 a prime number?
True
Is 92005 prime?
False
Is 635909 a prime number?
True
Is 159533 a prime number?
False
Is 24547 composite?
False
Is 33481 prime?
False
Is 246227 prime?
False
Is 210821 composite?
True
Is 59257 a composite number?
True
Is 50647 composite?
False
Is 4699 a prime number?
False
Is 2312987 prime?
True
Is 42557 a prime number?
True
Is 3803 a composite number?
False
Is 4861 prime?
True
Is 17657 a prime number?
True
Is 2174891 a composite number?
False
Is 64063 a prime number?
True
Is 10831 composite?
False
Is 55741 a composite number?
True
Is 25841 a prime number?
True
Is 7499 a composite number?
False
Is 6887 prime?
False
Is 56423 a composite number?
True
Is 75479 composite?
False
Is 2921 a composite number?
True
Is 41879 composite?
False
Is 13227 prime?
False
Is 18958 composite?
True
Is 100279 a prime number?
True
Is 1953771 composite?
True
Is 9521 composite?
False
Is 1751773 composite?
False
Is 172001 a composite number?
False
Is 18503 prime?
True
Is 58623 composite?
True
Is 83047 composite?
False
Is 633 prime?
False
Is 5251 prime?
False
Is 13117 a prime number?
False
Is 87403 a prime number?
True
Is 46339 a prime number?
False
Is 3587 prime?
False
Is 649333 a prime number?
False
Is 2203 composite?
False
Is 59905 prime?
False
Is 128813 a composite number?
False
Is 1310749 composite?
True
Is 38039 a composite number?
False
Is 78043 composite?
True
Is 6791 a prime number?
True
Is 1397 a prime number?
False
Is 555679 a composite number?
True
Is 120667 composite?
True
Is 4837 prime?
False
Is 33127 a prime number?
False
Is 19123 composite?
True
Is 293 prime?
True
Is 34093 composite?
True
Is 28343 composite?
True
Is 14969 a composite number?
False
Is 11791 composite?
True
Is 19999 a prime number?
False
Is 2411 prime?
True
Is 334885 composite?
True
Is 301585 a composite number?
True
Is 584053 a prime number?
True
Is 8095507 composite?
True
Is 140627 a prime number?
True
Is 53891 prime?
True
Is 15163 composite?
True
Is 359903 prime?
False
Is 90466 a composite number?
True
Is 6879 composite?
True
Is 6529 prime?
True
Is 4861 a prime number?
True
Is 444791 a composite number?
False
Is 2861 a prime number?
True
Is 144901 a prime number?
False
Is 11591 a composite number?
True
Is 30031 a composite number?
True
Is 10198 a composite number?
True
Is 13093 prime?
True
Is 5099 composite?
False
Is 1623003 a composite number?
True
Is 182317 a prime number?
False
Is 130423 a prime number?
True
Is 62977 composite?
True
Is 186211 prime?
True
Is 57571 a composite number?
False
Is 47423 composite?
True
Is 54269 composite?
False
Is 68369 prime?
False
Is 178067 a composite number?
False
Is 57445 a prime number?
False
Is 6623 prime?
False
Is 613457 composite?
True
Is 27385 prime?
False
Is 13141 prime?
False
Is 153967 a prime number?
False
Is 347087 a composite number?
True
Is 436273 composite?
False
Is 3711 a composite number?
True
Is 52409 a composite number?
True
Is 20899 a prime number